{"id":99,"date":"2014-01-06T18:35:25","date_gmt":"2014-01-06T18:35:25","guid":{"rendered":"http:\/\/holmakvisl.is\/?page_id=99"},"modified":"2020-05-20T22:01:50","modified_gmt":"2020-05-20T22:01:50","slug":"husid-goda","status":"publish","type":"page","link":"https:\/\/holmakvisl.is\/?page_id=99","title":{"rendered":"H\u00fasi\u00f0 vi\u00f0 hafi\u00f0"},"content":{"rendered":"<p>Sk\u00f3linn \u00e1 Eyrunum var bygg\u00f0ur 1922 &#8211; 23 og \u00fear var barnask\u00f3li fyrir Sey\u00f0isfjar\u00f0arhrepp til 1960. N\u00fa er b\u00fai\u00f0 a\u00f0 gera hann upp og breyta \u00ed fr\u00edstundah\u00fas.<\/p>\n<div class=\"tiled-gallery type-rectangular tiled-gallery-unresized\" data-original-width=\"1200\" data-carousel-extra='{&quot;blog_id&quot;:1,&quot;permalink&quot;:&quot;https:\\\/\\\/holmakvisl.is\\\/?page_id=99&quot;,&quot;likes_blog_id&quot;:61160071}' itemscope itemtype=\"http:\/\/schema.org\/ImageGallery\" > <div class=\"gallery-row\" style=\"width: 1200px; height: 601px;\" data-original-width=\"1200\" data-original-height=\"601\" > <div class=\"gallery-group images-1\" style=\"width: 800px; height: 601px;\" data-original-width=\"800\" data-original-height=\"601\" > <div class=\"tiled-gallery-item tiled-gallery-item-large\" itemprop=\"associatedMedia\" itemscope itemtype=\"http:\/\/schema.org\/ImageObject\"> <a href=\"https:\/\/holmakvisl.is\/?attachment_id=423\" border=\"0\" itemprop=\"url\"> <meta itemprop=\"width\" content=\"796\"> <meta itemprop=\"height\" content=\"597\"> <img data-attachment-id=\"423\" data-orig-file=\"https:\/\/holmakvisl.is\/wp-content\/uploads\/2013\/02\/IMG_0433.jpg\" data-orig-size=\"1280,960\" data-comments-opened=\"1\" data-image-meta=\"{&quot;aperture&quot;:&quot;2.2&quot;,&quot;credit&quot;:&quot;&quot;,&quot;camera&quot;:&quot;iPhone 6 Plus&quot;,&quot;caption&quot;:&quot;&quot;,&quot;created_timestamp&quot;:&quot;1439837750&quot;,&quot;copyright&quot;:&quot;&quot;,&quot;focal_length&quot;:&quot;4.15&quot;,&quot;iso&quot;:&quot;32&quot;,&quot;shutter_speed&quot;:&quot;0.0071942446043165&quot;,&quot;title&quot;:&quot;&quot;,&quot;orientation&quot;:&quot;1&quot;}\" data-image-title=\"IMG_0433\" data-image-description=\"\" data-medium-file=\"https:\/\/holmakvisl.is\/wp-content\/uploads\/2013\/02\/IMG_0433-300x225.jpg\" data-large-file=\"https:\/\/holmakvisl.is\/wp-content\/uploads\/2013\/02\/IMG_0433-1024x768.jpg\" src=\"https:\/\/i0.wp.com\/holmakvisl.is\/wp-content\/uploads\/2013\/02\/IMG_0433.jpg?w=796&#038;h=597&#038;ssl=1\" width=\"796\" height=\"597\" data-original-width=\"796\" data-original-height=\"597\" itemprop=\"http:\/\/schema.org\/image\" title=\"IMG_0433\" alt=\"IMG_0433\" style=\"width: 796px; height: 597px;\" \/> <\/a> <\/div> <\/div> <!-- close group --> <div class=\"gallery-group images-2\" style=\"width: 400px; height: 601px;\" data-original-width=\"400\" data-original-height=\"601\" > <div class=\"tiled-gallery-item tiled-gallery-item-large\" itemprop=\"associatedMedia\" itemscope itemtype=\"http:\/\/schema.org\/ImageObject\"> <a href=\"https:\/\/holmakvisl.is\/?attachment_id=424\" border=\"0\" itemprop=\"url\"> <meta itemprop=\"width\" content=\"396\"> <meta itemprop=\"height\" content=\"297\"> <img data-attachment-id=\"424\" data-orig-file=\"https:\/\/holmakvisl.is\/wp-content\/uploads\/2013\/02\/IMG_0439.jpg\" data-orig-size=\"1280,960\" data-comments-opened=\"1\" data-image-meta=\"{&quot;aperture&quot;:&quot;2.2&quot;,&quot;credit&quot;:&quot;&quot;,&quot;camera&quot;:&quot;iPhone 6 Plus&quot;,&quot;caption&quot;:&quot;&quot;,&quot;created_timestamp&quot;:&quot;1443269304&quot;,&quot;copyright&quot;:&quot;&quot;,&quot;focal_length&quot;:&quot;4.15&quot;,&quot;iso&quot;:&quot;32&quot;,&quot;shutter_speed&quot;:&quot;0.0012903225806452&quot;,&quot;title&quot;:&quot;&quot;,&quot;orientation&quot;:&quot;1&quot;}\" data-image-title=\"IMG_0439\" data-image-description=\"\" data-medium-file=\"https:\/\/holmakvisl.is\/wp-content\/uploads\/2013\/02\/IMG_0439-300x225.jpg\" data-large-file=\"https:\/\/holmakvisl.is\/wp-content\/uploads\/2013\/02\/IMG_0439-1024x768.jpg\" src=\"https:\/\/i0.wp.com\/holmakvisl.is\/wp-content\/uploads\/2013\/02\/IMG_0439.jpg?w=396&#038;h=297&#038;ssl=1\" width=\"396\" height=\"297\" data-original-width=\"396\" data-original-height=\"297\" itemprop=\"http:\/\/schema.org\/image\" title=\"IMG_0439\" alt=\"IMG_0439\" style=\"width: 396px; height: 297px;\" \/> <\/a> <\/div> <div class=\"tiled-gallery-item tiled-gallery-item-large\" itemprop=\"associatedMedia\" itemscope itemtype=\"http:\/\/schema.org\/ImageObject\"> <a href=\"https:\/\/holmakvisl.is\/?attachment_id=410\" border=\"0\" itemprop=\"url\"> <meta itemprop=\"width\" content=\"396\"> <meta itemprop=\"height\" content=\"296\"> <img data-attachment-id=\"410\" data-orig-file=\"https:\/\/holmakvisl.is\/wp-content\/uploads\/2013\/02\/2014-12-24-10.00.00.jpg\" data-orig-size=\"1280,960\" data-comments-opened=\"1\" data-image-meta=\"{&quot;aperture&quot;:&quot;2.2&quot;,&quot;credit&quot;:&quot;&quot;,&quot;camera&quot;:&quot;iPhone 6 Plus&quot;,&quot;caption&quot;:&quot;&quot;,&quot;created_timestamp&quot;:&quot;1419415200&quot;,&quot;copyright&quot;:&quot;&quot;,&quot;focal_length&quot;:&quot;4.15&quot;,&quot;iso&quot;:&quot;160&quot;,&quot;shutter_speed&quot;:&quot;0.25&quot;,&quot;title&quot;:&quot;&quot;,&quot;orientation&quot;:&quot;1&quot;}\" data-image-title=\"2014-12-24 10.00.00\" data-image-description=\"\" data-medium-file=\"https:\/\/holmakvisl.is\/wp-content\/uploads\/2013\/02\/2014-12-24-10.00.00-300x225.jpg\" data-large-file=\"https:\/\/holmakvisl.is\/wp-content\/uploads\/2013\/02\/2014-12-24-10.00.00-1024x768.jpg\" src=\"https:\/\/i0.wp.com\/holmakvisl.is\/wp-content\/uploads\/2013\/02\/2014-12-24-10.00.00.jpg?w=396&#038;h=296&#038;ssl=1\" width=\"396\" height=\"296\" data-original-width=\"396\" data-original-height=\"296\" itemprop=\"http:\/\/schema.org\/image\" title=\"2014-12-24 10.00.00\" alt=\"2014-12-24 10.00.00\" style=\"width: 396px; height: 296px;\" \/> <\/a> <\/div> <\/div> <!-- close group --> <\/div> <!-- close row --> <div class=\"gallery-row\" style=\"width: 1200px; height: 677px;\" data-original-width=\"1200\" data-original-height=\"677\" > <div class=\"gallery-group images-1\" style=\"width: 1200px; height: 677px;\" data-original-width=\"1200\" data-original-height=\"677\" > <div class=\"tiled-gallery-item tiled-gallery-item-large\" itemprop=\"associatedMedia\" itemscope itemtype=\"http:\/\/schema.org\/ImageObject\"> <a href=\"https:\/\/holmakvisl.is\/?attachment_id=299\" border=\"0\" itemprop=\"url\"> <meta itemprop=\"width\" content=\"1196\"> <meta itemprop=\"height\" content=\"673\"> <img data-attachment-id=\"299\" data-orig-file=\"https:\/\/holmakvisl.is\/wp-content\/uploads\/2014\/01\/4.jpg\" data-orig-size=\"640,360\" data-comments-opened=\"1\" data-image-meta=\"{&quot;aperture&quot;:&quot;2.2&quot;,&quot;credit&quot;:&quot;&quot;,&quot;camera&quot;:&quot;GT-I9505&quot;,&quot;caption&quot;:&quot;&quot;,&quot;created_timestamp&quot;:&quot;1414855349&quot;,&quot;copyright&quot;:&quot;&quot;,&quot;focal_length&quot;:&quot;4.2&quot;,&quot;iso&quot;:&quot;80&quot;,&quot;shutter_speed&quot;:&quot;0.01&quot;,&quot;title&quot;:&quot;2014-11-01 15.22.29&quot;,&quot;orientation&quot;:&quot;1&quot;}\" data-image-title=\"2014-11-01 15.22.29\" data-image-description=\"\" data-medium-file=\"https:\/\/holmakvisl.is\/wp-content\/uploads\/2014\/01\/4-300x168.jpg\" data-large-file=\"https:\/\/holmakvisl.is\/wp-content\/uploads\/2014\/01\/4.jpg\" src=\"https:\/\/i0.wp.com\/holmakvisl.is\/wp-content\/uploads\/2014\/01\/4.jpg?w=1196&#038;h=673&#038;ssl=1\" width=\"1196\" height=\"673\" data-original-width=\"1196\" data-original-height=\"673\" itemprop=\"http:\/\/schema.org\/image\" title=\"2014-11-01 15.22.29\" alt=\"2014-11-01 15.22.29\" style=\"width: 1196px; height: 673px;\" \/> <\/a> <\/div> <\/div> <!-- close group --> <\/div> <!-- close row --> <\/div>\n","protected":false},"excerpt":{"rendered":"<p>Sk\u00f3linn \u00e1 Eyrunum var bygg\u00f0ur 1922 &#8211; 23 og \u00fear var barnask\u00f3li fyrir Sey\u00f0isfjar\u00f0arhrepp til 1960. N\u00fa er b\u00fai\u00f0 a\u00f0 gera hann upp og breyta \u00ed fr\u00edstundah\u00fas.<\/p>\n","protected":false},"author":1,"featured_media":296,"parent":0,"menu_order":0,"comment_status":"closed","ping_status":"closed","template":"","meta":{"spay_email":""},"jetpack_shortlink":"https:\/\/wp.me\/P48CwL-1B","jetpack_sharing_enabled":true,"jetpack_likes_enabled":true,"jetpack-related-posts":[{"id":213,"url":"https:\/\/holmakvisl.is\/?page_id=213","url_meta":{"origin":99,"position":0},"title":"S\u00e6berg","date":"March 15, 2014","format":false,"excerpt":"Gamli sk\u00f3linn \u00e1 Eyrunum f\u00e6r n\u00fdtt nafn og heitir n\u00fa S\u00e6berg. Vinna vi\u00f0 a\u00f0 gera upp h\u00fasi\u00f0 h\u00f3fst \u00ed okt\u00f3ber 2013. \u00de\u00e1 var b\u00fai\u00f0 a\u00f0 leggja rafmagn og lj\u00f3slei\u00f0ara \u00ed h\u00fasi\u00f0. Fyrst voru innveggir fjarl\u00e6g\u00f0ir og gamla g\u00f3lfi\u00f0 og svo var steypt n\u00fdtt g\u00f3lf. Kl\u00e1ra\u00f0 var a\u00f0 r\u00edfa innan \u00far\u2026","rel":"","context":"Similar post","img":{"alt_text":"","src":"https:\/\/i0.wp.com\/holmakvisl.is\/wp-content\/uploads\/2014\/03\/IMG_0018.jpg?resize=350%2C200&ssl=1","width":350,"height":200},"classes":[]},{"id":10,"url":"https:\/\/holmakvisl.is\/?page_id=10","url_meta":{"origin":99,"position":1},"title":"UM","date":"October 24, 2013","format":false,"excerpt":"Sigur\u00f0ur J\u00f3nsson Sigur\u00f0ur J\u00f3nsson er byggingaverkfr\u00e6\u00f0ingur og starfar hj\u00e1 Eflu \u00e1 austurlandi. Helstu verkefni eru fyrir sveitarf\u00e9l\u00f6g og fyrirt\u00e6ki \u00e1 austurlandi vi\u00f0 skipulagsm\u00e1l, h\u00f6nnun og framkv\u00e6mdir vi\u00f0 mannvirki og veitukerfi af \u00fdmsu tagi.","rel":"","context":"Similar post","img":{"alt_text":"","src":"https:\/\/i0.wp.com\/holmakvisl.is\/wp-content\/uploads\/2013\/10\/sigurdurjonsson-2.jpg?resize=350%2C200","width":350,"height":200},"classes":[]},{"id":12,"url":"https:\/\/holmakvisl.is\/?page_id=12","url_meta":{"origin":99,"position":2},"title":"Blog","date":"October 24, 2013","format":false,"excerpt":"","rel":"","context":"Similar post","img":{"alt_text":"","src":"","width":0,"height":0},"classes":[]},{"id":335,"url":"https:\/\/holmakvisl.is\/?page_id=335","url_meta":{"origin":99,"position":3},"title":"Fr\u00edstundah\u00fasi\u00f0 S\u00e6berg","date":"November 9, 2014","format":false,"excerpt":"N\u00fa er endurger\u00f0in a\u00f0 ver\u00f0a langt komin og h\u00fasi\u00f0 a\u00f0 taka \u00e1 sig mynd.","rel":"","context":"Similar post","img":{"alt_text":"","src":"https:\/\/i0.wp.com\/holmakvisl.is\/wp-content\/uploads\/2014\/01\/1.jpg?resize=350%2C200&ssl=1","width":350,"height":200},"classes":[]}],"_links":{"self":[{"href":"https:\/\/holmakvisl.is\/index.php?rest_route=\/wp\/v2\/pages\/99"}],"collection":[{"href":"https:\/\/holmakvisl.is\/index.php?rest_route=\/wp\/v2\/pages"}],"about":[{"href":"https:\/\/holmakvisl.is\/index.php?rest_route=\/wp\/v2\/types\/page"}],"author":[{"embeddable":true,"href":"https:\/\/holmakvisl.is\/index.php?rest_route=\/wp\/v2\/users\/1"}],"replies":[{"embeddable":true,"href":"https:\/\/holmakvisl.is\/index.php?rest_route=%2Fwp%2Fv2%2Fcomments&post=99"}],"version-history":[{"count":16,"href":"https:\/\/holmakvisl.is\/index.php?rest_route=\/wp\/v2\/pages\/99\/revisions"}],"predecessor-version":[{"id":603,"href":"https:\/\/holmakvisl.is\/index.php?rest_route=\/wp\/v2\/pages\/99\/revisions\/603"}],"wp:featuredmedia":[{"embeddable":true,"href":"https:\/\/holmakvisl.is\/index.php?rest_route=\/wp\/v2\/media\/296"}],"wp:attachment":[{"href":"https:\/\/holmakvisl.is\/index.php?rest_route=%2Fwp%2Fv2%2Fmedia&parent=99"}],"curies":[{"name":"wp","href":"https:\/\/api.w.org\/{rel}","templated":true}]}}