{"id":335,"date":"2014-11-09T21:13:49","date_gmt":"2014-11-09T21:13:49","guid":{"rendered":"http:\/\/holmakvisl.is\/?page_id=335"},"modified":"2020-05-20T21:13:17","modified_gmt":"2020-05-20T21:13:17","slug":"saeberg-tekur-a-sig-mynd","status":"publish","type":"page","link":"https:\/\/holmakvisl.is\/?page_id=335","title":{"rendered":"Fr\u00edstundah\u00fasi\u00f0 S\u00e6berg"},"content":{"rendered":"<p>N\u00fa er endurger\u00f0in a\u00f0 ver\u00f0a langt komin og h\u00fasi\u00f0 a\u00f0 taka \u00e1 sig mynd.<\/p>\n<div class=\"tiled-gallery type-rectangular tiled-gallery-unresized\" data-original-width=\"1200\" data-carousel-extra='{&quot;blog_id&quot;:1,&quot;permalink&quot;:&quot;https:\\\/\\\/holmakvisl.is\\\/?page_id=335&quot;,&quot;likes_blog_id&quot;:61160071}' itemscope itemtype=\"http:\/\/schema.org\/ImageGallery\" > <div class=\"gallery-row\" style=\"width: 1200px; height: 339px;\" data-original-width=\"1200\" data-original-height=\"339\" > <div class=\"gallery-group images-1\" style=\"width: 600px; height: 339px;\" data-original-width=\"600\" data-original-height=\"339\" > <div class=\"tiled-gallery-item tiled-gallery-item-large\" itemprop=\"associatedMedia\" itemscope itemtype=\"http:\/\/schema.org\/ImageObject\"> <a href=\"https:\/\/holmakvisl.is\/?attachment_id=297\" border=\"0\" itemprop=\"url\"> <meta itemprop=\"width\" content=\"596\"> <meta itemprop=\"height\" content=\"335\"> <img data-attachment-id=\"297\" data-orig-file=\"https:\/\/holmakvisl.is\/wp-content\/uploads\/2014\/01\/2.jpg\" data-orig-size=\"640,360\" data-comments-opened=\"1\" data-image-meta=\"{&quot;aperture&quot;:&quot;2.2&quot;,&quot;credit&quot;:&quot;&quot;,&quot;camera&quot;:&quot;GT-I9505&quot;,&quot;caption&quot;:&quot;&quot;,&quot;created_timestamp&quot;:&quot;1414855271&quot;,&quot;copyright&quot;:&quot;&quot;,&quot;focal_length&quot;:&quot;4.2&quot;,&quot;iso&quot;:&quot;100&quot;,&quot;shutter_speed&quot;:&quot;0.01&quot;,&quot;title&quot;:&quot;2014-11-01 15.21.11&quot;,&quot;orientation&quot;:&quot;1&quot;}\" data-image-title=\"2014-11-01 15.21.11\" data-image-description=\"\" data-medium-file=\"https:\/\/holmakvisl.is\/wp-content\/uploads\/2014\/01\/2-300x168.jpg\" data-large-file=\"https:\/\/holmakvisl.is\/wp-content\/uploads\/2014\/01\/2.jpg\" src=\"https:\/\/i0.wp.com\/holmakvisl.is\/wp-content\/uploads\/2014\/01\/2.jpg?w=596&#038;h=335&#038;ssl=1\" width=\"596\" height=\"335\" data-original-width=\"596\" data-original-height=\"335\" itemprop=\"http:\/\/schema.org\/image\" title=\"2014-11-01 15.21.11\" alt=\"2014-11-01 15.21.11\" style=\"width: 596px; height: 335px;\" \/> <\/a> <\/div> <\/div> <!-- close group --> <div class=\"gallery-group images-1\" style=\"width: 600px; height: 339px;\" data-original-width=\"600\" data-original-height=\"339\" > <div class=\"tiled-gallery-item tiled-gallery-item-large\" itemprop=\"associatedMedia\" itemscope itemtype=\"http:\/\/schema.org\/ImageObject\"> <a href=\"https:\/\/holmakvisl.is\/?attachment_id=299\" border=\"0\" itemprop=\"url\"> <meta itemprop=\"width\" content=\"596\"> <meta itemprop=\"height\" content=\"335\"> <img data-attachment-id=\"299\" data-orig-file=\"https:\/\/holmakvisl.is\/wp-content\/uploads\/2014\/01\/4.jpg\" data-orig-size=\"640,360\" data-comments-opened=\"1\" data-image-meta=\"{&quot;aperture&quot;:&quot;2.2&quot;,&quot;credit&quot;:&quot;&quot;,&quot;camera&quot;:&quot;GT-I9505&quot;,&quot;caption&quot;:&quot;&quot;,&quot;created_timestamp&quot;:&quot;1414855349&quot;,&quot;copyright&quot;:&quot;&quot;,&quot;focal_length&quot;:&quot;4.2&quot;,&quot;iso&quot;:&quot;80&quot;,&quot;shutter_speed&quot;:&quot;0.01&quot;,&quot;title&quot;:&quot;2014-11-01 15.22.29&quot;,&quot;orientation&quot;:&quot;1&quot;}\" data-image-title=\"2014-11-01 15.22.29\" data-image-description=\"\" data-medium-file=\"https:\/\/holmakvisl.is\/wp-content\/uploads\/2014\/01\/4-300x168.jpg\" data-large-file=\"https:\/\/holmakvisl.is\/wp-content\/uploads\/2014\/01\/4.jpg\" src=\"https:\/\/i0.wp.com\/holmakvisl.is\/wp-content\/uploads\/2014\/01\/4.jpg?w=596&#038;h=335&#038;ssl=1\" width=\"596\" height=\"335\" data-original-width=\"596\" data-original-height=\"335\" itemprop=\"http:\/\/schema.org\/image\" title=\"2014-11-01 15.22.29\" alt=\"2014-11-01 15.22.29\" style=\"width: 596px; height: 335px;\" \/> <\/a> <\/div> <\/div> <!-- close group --> <\/div> <!-- close row --> <div class=\"gallery-row\" style=\"width: 1200px; height: 339px;\" data-original-width=\"1200\" data-original-height=\"339\" > <div class=\"gallery-group images-1\" style=\"width: 600px; height: 339px;\" data-original-width=\"600\" data-original-height=\"339\" > <div class=\"tiled-gallery-item tiled-gallery-item-large\" itemprop=\"associatedMedia\" itemscope itemtype=\"http:\/\/schema.org\/ImageObject\"> <a href=\"https:\/\/holmakvisl.is\/?attachment_id=309\" border=\"0\" itemprop=\"url\"> <meta itemprop=\"width\" content=\"596\"> <meta itemprop=\"height\" content=\"335\"> <img data-attachment-id=\"309\" data-orig-file=\"https:\/\/holmakvisl.is\/wp-content\/uploads\/2014\/01\/7.jpg\" data-orig-size=\"640,360\" data-comments-opened=\"1\" data-image-meta=\"{&quot;aperture&quot;:&quot;2.2&quot;,&quot;credit&quot;:&quot;&quot;,&quot;camera&quot;:&quot;GT-I9505&quot;,&quot;caption&quot;:&quot;&quot;,&quot;created_timestamp&quot;:&quot;1414855868&quot;,&quot;copyright&quot;:&quot;&quot;,&quot;focal_length&quot;:&quot;4.2&quot;,&quot;iso&quot;:&quot;125&quot;,&quot;shutter_speed&quot;:&quot;0.030303030303&quot;,&quot;title&quot;:&quot;2014-11-01 15.31.08&quot;,&quot;orientation&quot;:&quot;1&quot;}\" data-image-title=\"2014-11-01 15.31.08\" data-image-description=\"\" data-medium-file=\"https:\/\/holmakvisl.is\/wp-content\/uploads\/2014\/01\/7-300x168.jpg\" data-large-file=\"https:\/\/holmakvisl.is\/wp-content\/uploads\/2014\/01\/7.jpg\" src=\"https:\/\/i0.wp.com\/holmakvisl.is\/wp-content\/uploads\/2014\/01\/7.jpg?w=596&#038;h=335&#038;ssl=1\" width=\"596\" height=\"335\" data-original-width=\"596\" data-original-height=\"335\" itemprop=\"http:\/\/schema.org\/image\" title=\"2014-11-01 15.31.08\" alt=\"2014-11-01 15.31.08\" style=\"width: 596px; height: 335px;\" \/> <\/a> <\/div> <\/div> <!-- close group --> <div class=\"gallery-group images-1\" style=\"width: 600px; height: 339px;\" data-original-width=\"600\" data-original-height=\"339\" > <div class=\"tiled-gallery-item tiled-gallery-item-large\" itemprop=\"associatedMedia\" itemscope itemtype=\"http:\/\/schema.org\/ImageObject\"> <a href=\"https:\/\/holmakvisl.is\/?attachment_id=307\" border=\"0\" itemprop=\"url\"> <meta itemprop=\"width\" content=\"596\"> <meta itemprop=\"height\" content=\"335\"> <img data-attachment-id=\"307\" data-orig-file=\"https:\/\/holmakvisl.is\/wp-content\/uploads\/2014\/01\/51.jpg\" data-orig-size=\"640,360\" data-comments-opened=\"1\" data-image-meta=\"{&quot;aperture&quot;:&quot;2.2&quot;,&quot;credit&quot;:&quot;&quot;,&quot;camera&quot;:&quot;GT-I9505&quot;,&quot;caption&quot;:&quot;&quot;,&quot;created_timestamp&quot;:&quot;1414855848&quot;,&quot;copyright&quot;:&quot;&quot;,&quot;focal_length&quot;:&quot;4.2&quot;,&quot;iso&quot;:&quot;125&quot;,&quot;shutter_speed&quot;:&quot;0.0588235294118&quot;,&quot;title&quot;:&quot;2014-11-01 15.30.48&quot;,&quot;orientation&quot;:&quot;1&quot;}\" data-image-title=\"2014-11-01 15.30.48\" data-image-description=\"\" data-medium-file=\"https:\/\/holmakvisl.is\/wp-content\/uploads\/2014\/01\/51-300x168.jpg\" data-large-file=\"https:\/\/holmakvisl.is\/wp-content\/uploads\/2014\/01\/51.jpg\" src=\"https:\/\/i0.wp.com\/holmakvisl.is\/wp-content\/uploads\/2014\/01\/51.jpg?w=596&#038;h=335&#038;ssl=1\" width=\"596\" height=\"335\" data-original-width=\"596\" data-original-height=\"335\" itemprop=\"http:\/\/schema.org\/image\" title=\"2014-11-01 15.30.48\" alt=\"2014-11-01 15.30.48\" style=\"width: 596px; height: 335px;\" \/> <\/a> <\/div> <\/div> <!-- close group --> <\/div> <!-- close row --> <div class=\"gallery-row\" style=\"width: 1200px; height: 339px;\" data-original-width=\"1200\" data-original-height=\"339\" > <div class=\"gallery-group images-1\" style=\"width: 600px; height: 339px;\" data-original-width=\"600\" data-original-height=\"339\" > <div class=\"tiled-gallery-item tiled-gallery-item-large\" itemprop=\"associatedMedia\" itemscope itemtype=\"http:\/\/schema.org\/ImageObject\"> <a href=\"https:\/\/holmakvisl.is\/?attachment_id=306\" border=\"0\" itemprop=\"url\"> <meta itemprop=\"width\" content=\"596\"> <meta itemprop=\"height\" content=\"335\"> <img data-attachment-id=\"306\" data-orig-file=\"https:\/\/holmakvisl.is\/wp-content\/uploads\/2014\/01\/41.jpg\" data-orig-size=\"640,360\" data-comments-opened=\"1\" data-image-meta=\"{&quot;aperture&quot;:&quot;2.2&quot;,&quot;credit&quot;:&quot;&quot;,&quot;camera&quot;:&quot;GT-I9505&quot;,&quot;caption&quot;:&quot;&quot;,&quot;created_timestamp&quot;:&quot;1414855834&quot;,&quot;copyright&quot;:&quot;&quot;,&quot;focal_length&quot;:&quot;4.2&quot;,&quot;iso&quot;:&quot;125&quot;,&quot;shutter_speed&quot;:&quot;0.0588235294118&quot;,&quot;title&quot;:&quot;2014-11-01 15.30.34&quot;,&quot;orientation&quot;:&quot;1&quot;}\" data-image-title=\"2014-11-01 15.30.34\" data-image-description=\"\" data-medium-file=\"https:\/\/holmakvisl.is\/wp-content\/uploads\/2014\/01\/41-300x168.jpg\" data-large-file=\"https:\/\/holmakvisl.is\/wp-content\/uploads\/2014\/01\/41.jpg\" src=\"https:\/\/i0.wp.com\/holmakvisl.is\/wp-content\/uploads\/2014\/01\/41.jpg?w=596&#038;h=335&#038;ssl=1\" width=\"596\" height=\"335\" data-original-width=\"596\" data-original-height=\"335\" itemprop=\"http:\/\/schema.org\/image\" title=\"2014-11-01 15.30.34\" alt=\"2014-11-01 15.30.34\" style=\"width: 596px; height: 335px;\" \/> <\/a> <\/div> <\/div> <!-- close group --> <div class=\"gallery-group images-1\" style=\"width: 600px; height: 339px;\" data-original-width=\"600\" data-original-height=\"339\" > <div class=\"tiled-gallery-item tiled-gallery-item-large\" itemprop=\"associatedMedia\" itemscope itemtype=\"http:\/\/schema.org\/ImageObject\"> <a href=\"https:\/\/holmakvisl.is\/?attachment_id=341\" border=\"0\" itemprop=\"url\"> <meta itemprop=\"width\" content=\"596\"> <meta itemprop=\"height\" content=\"335\"> <img data-attachment-id=\"341\" data-orig-file=\"https:\/\/holmakvisl.is\/wp-content\/uploads\/2014\/11\/858.jpg\" data-orig-size=\"640,360\" data-comments-opened=\"1\" data-image-meta=\"{&quot;aperture&quot;:&quot;2.2&quot;,&quot;credit&quot;:&quot;&quot;,&quot;camera&quot;:&quot;GT-I9505&quot;,&quot;caption&quot;:&quot;&quot;,&quot;created_timestamp&quot;:&quot;1415393525&quot;,&quot;copyright&quot;:&quot;&quot;,&quot;focal_length&quot;:&quot;4.2&quot;,&quot;iso&quot;:&quot;320&quot;,&quot;shutter_speed&quot;:&quot;0.0588235294118&quot;,&quot;title&quot;:&quot;2014-11-07 20.52.05&quot;,&quot;orientation&quot;:&quot;1&quot;}\" data-image-title=\"2014-11-07 20.52.05\" data-image-description=\"\" data-medium-file=\"https:\/\/holmakvisl.is\/wp-content\/uploads\/2014\/11\/858-300x168.jpg\" data-large-file=\"https:\/\/holmakvisl.is\/wp-content\/uploads\/2014\/11\/858.jpg\" src=\"https:\/\/i0.wp.com\/holmakvisl.is\/wp-content\/uploads\/2014\/11\/858.jpg?w=596&#038;h=335&#038;ssl=1\" width=\"596\" height=\"335\" data-original-width=\"596\" data-original-height=\"335\" itemprop=\"http:\/\/schema.org\/image\" title=\"2014-11-07 20.52.05\" alt=\"2014-11-07 20.52.05\" style=\"width: 596px; height: 335px;\" \/> <\/a> <\/div> <\/div> <!-- close group --> <\/div> <!-- close row --> <\/div>\n<div class=\"tiled-gallery type-rectangular tiled-gallery-unresized\" data-original-width=\"1200\" data-carousel-extra='{&quot;blog_id&quot;:1,&quot;permalink&quot;:&quot;https:\\\/\\\/holmakvisl.is\\\/?page_id=335&quot;,&quot;likes_blog_id&quot;:61160071}' itemscope itemtype=\"http:\/\/schema.org\/ImageGallery\" > <div class=\"gallery-row\" style=\"width: 1200px; height: 553px;\" data-original-width=\"1200\" data-original-height=\"553\" > <div class=\"gallery-group images-1\" style=\"width: 833px; height: 553px;\" data-original-width=\"833\" data-original-height=\"553\" > <div class=\"tiled-gallery-item tiled-gallery-item-large\" itemprop=\"associatedMedia\" itemscope itemtype=\"http:\/\/schema.org\/ImageObject\"> <a href=\"https:\/\/holmakvisl.is\/?attachment_id=362\" border=\"0\" itemprop=\"url\"> <meta itemprop=\"width\" content=\"829\"> <meta itemprop=\"height\" content=\"549\"> <img data-attachment-id=\"362\" data-orig-file=\"https:\/\/holmakvisl.is\/wp-content\/uploads\/2014\/11\/1.jpg\" data-orig-size=\"640,424\" data-comments-opened=\"1\" data-image-meta=\"{&quot;aperture&quot;:&quot;4&quot;,&quot;credit&quot;:&quot;&quot;,&quot;camera&quot;:&quot;NIKON D7000&quot;,&quot;caption&quot;:&quot;&quot;,&quot;created_timestamp&quot;:&quot;1419431731&quot;,&quot;copyright&quot;:&quot;&quot;,&quot;focal_length&quot;:&quot;18&quot;,&quot;iso&quot;:&quot;400&quot;,&quot;shutter_speed&quot;:&quot;0.0166666666667&quot;,&quot;title&quot;:&quot;DSC_0616&quot;,&quot;orientation&quot;:&quot;1&quot;}\" data-image-title=\"DSC_0616\" data-image-description=\"\" data-medium-file=\"https:\/\/holmakvisl.is\/wp-content\/uploads\/2014\/11\/1-300x199.jpg\" data-large-file=\"https:\/\/holmakvisl.is\/wp-content\/uploads\/2014\/11\/1.jpg\" src=\"https:\/\/i0.wp.com\/holmakvisl.is\/wp-content\/uploads\/2014\/11\/1.jpg?w=829&#038;h=549&#038;ssl=1\" width=\"829\" height=\"549\" data-original-width=\"829\" data-original-height=\"549\" itemprop=\"http:\/\/schema.org\/image\" title=\"DSC_0616\" alt=\"DSC_0616\" style=\"width: 829px; height: 549px;\" \/> <\/a> <\/div> <\/div> <!-- close group --> <div class=\"gallery-group images-2\" style=\"width: 367px; height: 553px;\" data-original-width=\"367\" data-original-height=\"553\" > <div class=\"tiled-gallery-item tiled-gallery-item-large\" itemprop=\"associatedMedia\" itemscope itemtype=\"http:\/\/schema.org\/ImageObject\"> <a href=\"https:\/\/holmakvisl.is\/?attachment_id=363\" border=\"0\" itemprop=\"url\"> <meta itemprop=\"width\" content=\"363\"> <meta itemprop=\"height\" content=\"273\"> <img data-attachment-id=\"363\" data-orig-file=\"https:\/\/holmakvisl.is\/wp-content\/uploads\/2014\/11\/11.jpg\" data-orig-size=\"640,480\" data-comments-opened=\"1\" data-image-meta=\"{&quot;aperture&quot;:&quot;2.2&quot;,&quot;credit&quot;:&quot;&quot;,&quot;camera&quot;:&quot;iPhone 6 Plus&quot;,&quot;caption&quot;:&quot;&quot;,&quot;created_timestamp&quot;:&quot;1420886604&quot;,&quot;copyright&quot;:&quot;&quot;,&quot;focal_length&quot;:&quot;4.15&quot;,&quot;iso&quot;:&quot;100&quot;,&quot;shutter_speed&quot;:&quot;0.0666666666667&quot;,&quot;title&quot;:&quot;IMG_0299&quot;,&quot;orientation&quot;:&quot;1&quot;}\" data-image-title=\"IMG_0299\" data-image-description=\"\" data-medium-file=\"https:\/\/holmakvisl.is\/wp-content\/uploads\/2014\/11\/11-300x225.jpg\" data-large-file=\"https:\/\/holmakvisl.is\/wp-content\/uploads\/2014\/11\/11.jpg\" src=\"https:\/\/i0.wp.com\/holmakvisl.is\/wp-content\/uploads\/2014\/11\/11.jpg?w=363&#038;h=273&#038;ssl=1\" width=\"363\" height=\"273\" data-original-width=\"363\" data-original-height=\"273\" itemprop=\"http:\/\/schema.org\/image\" title=\"IMG_0299\" alt=\"IMG_0299\" style=\"width: 363px; height: 273px;\" \/> <\/a> <\/div> <div class=\"tiled-gallery-item tiled-gallery-item-large\" itemprop=\"associatedMedia\" itemscope itemtype=\"http:\/\/schema.org\/ImageObject\"> <a href=\"https:\/\/holmakvisl.is\/?attachment_id=364\" border=\"0\" itemprop=\"url\"> <meta itemprop=\"width\" content=\"363\"> <meta itemprop=\"height\" content=\"272\"> <img data-attachment-id=\"364\" data-orig-file=\"https:\/\/holmakvisl.is\/wp-content\/uploads\/2014\/11\/2.jpg\" data-orig-size=\"640,480\" data-comments-opened=\"1\" data-image-meta=\"{&quot;aperture&quot;:&quot;2.2&quot;,&quot;credit&quot;:&quot;&quot;,&quot;camera&quot;:&quot;iPhone 6 Plus&quot;,&quot;caption&quot;:&quot;&quot;,&quot;created_timestamp&quot;:&quot;1420886615&quot;,&quot;copyright&quot;:&quot;&quot;,&quot;focal_length&quot;:&quot;4.15&quot;,&quot;iso&quot;:&quot;100&quot;,&quot;shutter_speed&quot;:&quot;0.0666666666667&quot;,&quot;title&quot;:&quot;IMG_0300&quot;,&quot;orientation&quot;:&quot;1&quot;}\" data-image-title=\"IMG_0300\" data-image-description=\"\" data-medium-file=\"https:\/\/holmakvisl.is\/wp-content\/uploads\/2014\/11\/2-300x225.jpg\" data-large-file=\"https:\/\/holmakvisl.is\/wp-content\/uploads\/2014\/11\/2.jpg\" src=\"https:\/\/i0.wp.com\/holmakvisl.is\/wp-content\/uploads\/2014\/11\/2.jpg?w=363&#038;h=272&#038;ssl=1\" width=\"363\" height=\"272\" data-original-width=\"363\" data-original-height=\"272\" itemprop=\"http:\/\/schema.org\/image\" title=\"IMG_0300\" alt=\"IMG_0300\" style=\"width: 363px; height: 272px;\" \/> <\/a> <\/div> <\/div> <!-- close group --> <\/div> <!-- close row --> <div class=\"gallery-row\" style=\"width: 1200px; height: 301px;\" data-original-width=\"1200\" data-original-height=\"301\" > <div class=\"gallery-group images-1\" style=\"width: 400px; height: 301px;\" data-original-width=\"400\" data-original-height=\"301\" > <div class=\"tiled-gallery-item tiled-gallery-item-large\" itemprop=\"associatedMedia\" itemscope itemtype=\"http:\/\/schema.org\/ImageObject\"> <a href=\"https:\/\/holmakvisl.is\/?attachment_id=366\" border=\"0\" itemprop=\"url\"> <meta itemprop=\"width\" content=\"396\"> <meta itemprop=\"height\" content=\"297\"> <img data-attachment-id=\"366\" data-orig-file=\"https:\/\/holmakvisl.is\/wp-content\/uploads\/2014\/11\/4.jpg\" data-orig-size=\"640,480\" data-comments-opened=\"1\" data-image-meta=\"{&quot;aperture&quot;:&quot;2.2&quot;,&quot;credit&quot;:&quot;&quot;,&quot;camera&quot;:&quot;iPhone 6 Plus&quot;,&quot;caption&quot;:&quot;&quot;,&quot;created_timestamp&quot;:&quot;1420886640&quot;,&quot;copyright&quot;:&quot;&quot;,&quot;focal_length&quot;:&quot;4.15&quot;,&quot;iso&quot;:&quot;100&quot;,&quot;shutter_speed&quot;:&quot;0.0666666666667&quot;,&quot;title&quot;:&quot;IMG_0302&quot;,&quot;orientation&quot;:&quot;1&quot;}\" data-image-title=\"IMG_0302\" data-image-description=\"\" data-medium-file=\"https:\/\/holmakvisl.is\/wp-content\/uploads\/2014\/11\/4-300x225.jpg\" data-large-file=\"https:\/\/holmakvisl.is\/wp-content\/uploads\/2014\/11\/4.jpg\" src=\"https:\/\/i0.wp.com\/holmakvisl.is\/wp-content\/uploads\/2014\/11\/4.jpg?w=396&#038;h=297&#038;ssl=1\" width=\"396\" height=\"297\" data-original-width=\"396\" data-original-height=\"297\" itemprop=\"http:\/\/schema.org\/image\" title=\"IMG_0302\" alt=\"IMG_0302\" style=\"width: 396px; height: 297px;\" \/> <\/a> <\/div> <\/div> <!-- close group --> <div class=\"gallery-group images-1\" style=\"width: 400px; height: 301px;\" data-original-width=\"400\" data-original-height=\"301\" > <div class=\"tiled-gallery-item tiled-gallery-item-large\" itemprop=\"associatedMedia\" itemscope itemtype=\"http:\/\/schema.org\/ImageObject\"> <a href=\"https:\/\/holmakvisl.is\/?attachment_id=367\" border=\"0\" itemprop=\"url\"> <meta itemprop=\"width\" content=\"396\"> <meta itemprop=\"height\" content=\"297\"> <img data-attachment-id=\"367\" data-orig-file=\"https:\/\/holmakvisl.is\/wp-content\/uploads\/2014\/11\/5.jpg\" data-orig-size=\"640,480\" data-comments-opened=\"1\" data-image-meta=\"{&quot;aperture&quot;:&quot;2.2&quot;,&quot;credit&quot;:&quot;&quot;,&quot;camera&quot;:&quot;iPhone 6 Plus&quot;,&quot;caption&quot;:&quot;&quot;,&quot;created_timestamp&quot;:&quot;1421491756&quot;,&quot;copyright&quot;:&quot;&quot;,&quot;focal_length&quot;:&quot;4.15&quot;,&quot;iso&quot;:&quot;80&quot;,&quot;shutter_speed&quot;:&quot;0.25&quot;,&quot;title&quot;:&quot;IMG_0305&quot;,&quot;orientation&quot;:&quot;1&quot;}\" data-image-title=\"IMG_0305\" data-image-description=\"\" data-medium-file=\"https:\/\/holmakvisl.is\/wp-content\/uploads\/2014\/11\/5-300x225.jpg\" data-large-file=\"https:\/\/holmakvisl.is\/wp-content\/uploads\/2014\/11\/5.jpg\" src=\"https:\/\/i0.wp.com\/holmakvisl.is\/wp-content\/uploads\/2014\/11\/5.jpg?w=396&#038;h=297&#038;ssl=1\" width=\"396\" height=\"297\" data-original-width=\"396\" data-original-height=\"297\" itemprop=\"http:\/\/schema.org\/image\" title=\"IMG_0305\" alt=\"IMG_0305\" style=\"width: 396px; height: 297px;\" \/> <\/a> <\/div> <\/div> <!-- close group --> <div class=\"gallery-group images-1\" style=\"width: 400px; height: 301px;\" data-original-width=\"400\" data-original-height=\"301\" > <div class=\"tiled-gallery-item tiled-gallery-item-large\" itemprop=\"associatedMedia\" itemscope itemtype=\"http:\/\/schema.org\/ImageObject\"> <a href=\"https:\/\/holmakvisl.is\/?attachment_id=369\" border=\"0\" itemprop=\"url\"> <meta itemprop=\"width\" content=\"396\"> <meta itemprop=\"height\" content=\"297\"> <img data-attachment-id=\"369\" data-orig-file=\"https:\/\/holmakvisl.is\/wp-content\/uploads\/2014\/11\/7.jpg\" data-orig-size=\"640,480\" data-comments-opened=\"1\" data-image-meta=\"{&quot;aperture&quot;:&quot;2.2&quot;,&quot;credit&quot;:&quot;&quot;,&quot;camera&quot;:&quot;iPhone 6 Plus&quot;,&quot;caption&quot;:&quot;&quot;,&quot;created_timestamp&quot;:&quot;1422112373&quot;,&quot;copyright&quot;:&quot;&quot;,&quot;focal_length&quot;:&quot;4.15&quot;,&quot;iso&quot;:&quot;32&quot;,&quot;shutter_speed&quot;:&quot;0.0166666666667&quot;,&quot;title&quot;:&quot;IMG_0331&quot;,&quot;orientation&quot;:&quot;1&quot;}\" data-image-title=\"IMG_0331\" data-image-description=\"\" data-medium-file=\"https:\/\/holmakvisl.is\/wp-content\/uploads\/2014\/11\/7-300x225.jpg\" data-large-file=\"https:\/\/holmakvisl.is\/wp-content\/uploads\/2014\/11\/7.jpg\" src=\"https:\/\/i0.wp.com\/holmakvisl.is\/wp-content\/uploads\/2014\/11\/7.jpg?w=396&#038;h=297&#038;ssl=1\" width=\"396\" height=\"297\" data-original-width=\"396\" data-original-height=\"297\" itemprop=\"http:\/\/schema.org\/image\" title=\"IMG_0331\" alt=\"IMG_0331\" style=\"width: 396px; height: 297px;\" \/> <\/a> <\/div> <\/div> <!-- close group --> <\/div> <!-- close row --> <\/div>\n","protected":false},"excerpt":{"rendered":"<p>N\u00fa er endurger\u00f0in a\u00f0 ver\u00f0a langt komin og h\u00fasi\u00f0 a\u00f0 taka \u00e1 sig mynd.<\/p>\n","protected":false},"author":1,"featured_media":296,"parent":0,"menu_order":0,"comment_status":"closed","ping_status":"closed","template":"","meta":{"spay_email":""},"jetpack_shortlink":"https:\/\/wp.me\/P48CwL-5p","jetpack_sharing_enabled":true,"jetpack_likes_enabled":true,"jetpack-related-posts":[{"id":213,"url":"https:\/\/holmakvisl.is\/?page_id=213","url_meta":{"origin":335,"position":0},"title":"S\u00e6berg","date":"March 15, 2014","format":false,"excerpt":"Gamli sk\u00f3linn \u00e1 Eyrunum f\u00e6r n\u00fdtt nafn og heitir n\u00fa S\u00e6berg. Vinna vi\u00f0 a\u00f0 gera upp h\u00fasi\u00f0 h\u00f3fst \u00ed okt\u00f3ber 2013. \u00de\u00e1 var b\u00fai\u00f0 a\u00f0 leggja rafmagn og lj\u00f3slei\u00f0ara \u00ed h\u00fasi\u00f0. Fyrst voru innveggir fjarl\u00e6g\u00f0ir og gamla g\u00f3lfi\u00f0 og svo var steypt n\u00fdtt g\u00f3lf. Kl\u00e1ra\u00f0 var a\u00f0 r\u00edfa innan \u00far\u2026","rel":"","context":"Similar post","img":{"alt_text":"","src":"https:\/\/i0.wp.com\/holmakvisl.is\/wp-content\/uploads\/2014\/03\/IMG_0018.jpg?resize=350%2C200&ssl=1","width":350,"height":200},"classes":[]},{"id":99,"url":"https:\/\/holmakvisl.is\/?page_id=99","url_meta":{"origin":335,"position":1},"title":"H\u00fasi\u00f0 vi\u00f0 hafi\u00f0","date":"January 6, 2014","format":false,"excerpt":"Sk\u00f3linn \u00e1 Eyrunum var bygg\u00f0ur 1922 - 23 og \u00fear var barnask\u00f3li fyrir Sey\u00f0isfjar\u00f0arhrepp til 1960. N\u00fa er b\u00fai\u00f0 a\u00f0 gera hann upp og breyta \u00ed fr\u00edstundah\u00fas.","rel":"","context":"Similar post","img":{"alt_text":"","src":"https:\/\/i0.wp.com\/holmakvisl.is\/wp-content\/uploads\/2014\/01\/1.jpg?resize=350%2C200&ssl=1","width":350,"height":200},"classes":[]}],"_links":{"self":[{"href":"https:\/\/holmakvisl.is\/index.php?rest_route=\/wp\/v2\/pages\/335"}],"collection":[{"href":"https:\/\/holmakvisl.is\/index.php?rest_route=\/wp\/v2\/pages"}],"about":[{"href":"https:\/\/holmakvisl.is\/index.php?rest_route=\/wp\/v2\/types\/page"}],"author":[{"embeddable":true,"href":"https:\/\/holmakvisl.is\/index.php?rest_route=\/wp\/v2\/users\/1"}],"replies":[{"embeddable":true,"href":"https:\/\/holmakvisl.is\/index.php?rest_route=%2Fwp%2Fv2%2Fcomments&post=335"}],"version-history":[{"count":7,"href":"https:\/\/holmakvisl.is\/index.php?rest_route=\/wp\/v2\/pages\/335\/revisions"}],"predecessor-version":[{"id":590,"href":"https:\/\/holmakvisl.is\/index.php?rest_route=\/wp\/v2\/pages\/335\/revisions\/590"}],"wp:featuredmedia":[{"embeddable":true,"href":"https:\/\/holmakvisl.is\/index.php?rest_route=\/wp\/v2\/media\/296"}],"wp:attachment":[{"href":"https:\/\/holmakvisl.is\/index.php?rest_route=%2Fwp%2Fv2%2Fmedia&parent=335"}],"curies":[{"name":"wp","href":"https:\/\/api.w.org\/{rel}","templated":true}]}}